umber?
False
Is 447089 prime?
False
Is 415579 prime?
False
Is 2644613 a composite number?
False
Is 48417643 prime?
False
Is 43779209 a prime number?
True
Is 9059 prime?
True
Is 206945933 prime?
True
Is 16463149 prime?
True
Is 77065829 composite?
False
Is 5353961 a prime number?
False
Is 4119397 prime?
True
Is 1750037 a prime number?
True
Is 703658 a prime number?
False
Is 2836285 a composite number?
True
Is 88639937 composite?
False
Is 706598623 prime?
True
Is 47033213 a composite number?
False
Is 3524117 prime?
False
Is 2990497 prime?
True
Is 10362203 prime?
True
Is 194028581 prime?
True
Is 125224883 a prime number?
False
Is 173599 prime?
True
Is 2138029 a prime number?
True
Is 21009127 a composite number?
True
Is 160646207 composite?
False
Is 2612917 a composite number?
True
Is 74078141 composite?
False
Is 342058 prime?
False
Is 5522633 a prime number?
False
Is 777523 composite?
True
Is 28821931 a composite number?
False
Is 4693047 a prime number?
False
Is 384389 a composite number?
True
Is 60682 composite?
True
Is 5576773 prime?
True
Is 11658103 a prime number?
False
Is 22128839 composite?
False
Is 228092219 a composite number?
True
Is 16005551 prime?
False
Is 1009531 a prime number?
True
Is 429000079 a composite number?
False
Is 1448095879 prime?
False
Is 1143799 a composite number?
False
Is 1253247193 a prime number?
False
Is 27214381 a composite number?
True
Is 9095539 a prime number?
False
Is 1948601 composite?
False
Is 600497 a composite number?
True
Is 5490377 prime?
True
Is 51482507 a prime number?
True
Is 542579 a prime number?
True
Is 1257889 prime?
False
Is 31735789 composite?
False
Is 1123198 a prime number?
False
Is 6236031 a prime number?
False
Is 90322786 prime?
False
Is 10160051 prime?
False
Is 65801291 prime?
True
Is 1977809 a composite number?
False
Is 96236023 a composite number?
True
Is 2900683 prime?
True
Is 79750093 composite?
False
Is 5560001 prime?
True
Is 150939571 composite?
False
Is 155810539 a composite number?
False
Is 728809 composite?
False
Is 258178237 composite?
True
Is 80556503 a composite number?
False
Is 6136003 a prime number?
True
Is 4051121 prime?
True
Is 15811123 a prime number?
True
Is 3269029 composite?
False
Is 6123401 prime?
True
Is 364045951 prime?
True
Is 92323343 prime?
False
Is 8219633 a composite number?
True
Is 30114239 composite?
True
Is 2683678 a prime number?
False
Is 656171 prime?
True
Is 214877 a composite number?
True
Is 31609421 composite?
True
Is 6564749 a composite number?
False
Is 58200391 prime?
True
Is 2436881 a prime number?
False
Is 35104561 a prime number?
True
Is 20827757 composite?
False
Is 3445751 a composite number?
True
Is 3500162 a composite number?
True
Is 12224291 a composite number?
True
Is 6399418 a composite number?
True
Is 1602011 composite?
False
Is 225612719 a composite number?
True
Is 88289 prime?
True
Is 13736785 a composite number?
True
Is 32309209 prime?
False
Is 73153 a prime number?
False
Is 48934973 composite?
True
Is 127364659 a prime number?
True
Is 6617159 prime?
True
Is 3422597 a composite number?
True
Is 278290589 a prime number?
True
Is 509353 a prime number?
False
Is 275841403 prime?
False
Is 171379895 a prime number?
False
Is 17746585 a composite number?
True
Is 7106191 a prime number?
False
Is 4013267 prime?
True
Is 1048703 a prime number?
True
Is 230859649 prime?
False
Is 891247 composite?
True
Is 5367173 a prime number?
False
Is 6192023 composite?
False
Is 2481713 a composite number?
True
Is 511619 a prime number?
False
Is 1527779 a composite number?
True
Is 82263149 a composite number?
False
Is 146282381 a composite number?
True
Is 66789643 prime?
False
Is 52651853 prime?
False
Is 1472419315 prime?
False
Is 745649 a composite number?
False
Is 343543 prime?
True
Is 72533 a composite number?
False
Is 1097467 a prime number?
False
Is 81269921 a composite number?
True
Is 60138241 composite?
False
Is 80761 composite?
False
Is 298099 a composite number?
False
Is 366574709 composite?
False
Is 881753335 prime?
False
Is 12404591 a prime number?
False
Is 322218727 a prime number?
True
Is 78078677 composite?
True
Is 2071897 a composite number?
False
Is 9726617 a prime number?
True
Is 17053233 composite?
True
Is 156490405 composite?
True
Is 1407423 a composite number?
True
Is 75713879 a composite number?
True
Is 1828369 prime?
False
Is 241859903 a composite number?
True
Is 26767891 prime?
True
Is 3194407 prime?
False
Is 25075043 composite?
True
Is 6018053 composite?
True
Is 5120333 composite?
False
Is 61526533 composite?
False
Is 30672739 composite?
True
Is 473939 composite?
False
Is 3830971 composite?
True
Is 47766049 composite?
False
Is 15065681 a composite number?
True
Is 8567539 a composite number?
False
Is 40482071 a composite number?
True
Is 874897 prime?
False
Is 1231943 a composite number?
False
Is 51551 a composite number?
False
Is 15478433 prime?
True
Is 22321874 composite?
True
Is 112732519 a prime number?
True
Is 8611391 prime?
False
Is 142657 a composite number?
False
Is 49290523 prime?
True
Is 169987 a composite number?
False
Is 14239789 composite?
True
Is 2231783 prime?
False
Is 12254023 a prime number?
True
Is 26367567 a prime number?
False
Is 338784101 a composite number?
False
Is 773693 composite?
False
Is 3249485 composite?
True
Is 9587899 a composite number?
True
Is 32560303 composite?
True
Is 121907579 a prime number?
False
Is 165589339 prime?
False
Is 139638493 a composite number?
True
Is 40960987 prime?
False
Is 14074993 a prime number?
True
Is 48485741 a prime number?
False
Is 8908541 a prime number?
True
Is 74007929 a composite number?
True
Is 59646773 a composite number?
True
Is 22217093 a prime number?
False
Is 1517181 prime?
False
Is 2085927 composite?
True
Is 3456637 a composite number?
False
Is 3344113 a prime number?
True
Is 145250503 a composite number?
False
Is 54865501 a prime number?
True
Is 4378981 a prime number?
True
Is 4815023 prime?
True
Is 86239159 prime?
False
Is 17220299 prime?
True
Is 9941539 prime?
False
Is 578947 a composite number?
True
Is 14176345 a prime number?
False
Is 15730249 composite?
False
Is 21048239 prime?
True
Is 392807309 a prime number?
False
Is 698111 a composite number?
False
Is 1192411 composite?
True
Is 8661353 composite?
False
Is 65055301 a composite number?
False
Is 738811 a prime number?
True
Is 1843801 prime?
True
Is 1039229 a composite number?
False
Is 15229429 a composite number?
True
Is 243227819 a composite number?
False
Is 5634274 a prime number?
False
Is 616905097 prime?
False
Is 37212937 a prime number?
True
Is 4654333 a prime number?
False
Is 6341 a prime number?
False
Is 11363011 composite?
True
Is 156419 a prime number?
True
Is 1740139 a prime number?
False
Is 1025197 a composite number?
False
Is 85386773 composite?
False
Is 11370811 prime?
False
Is 9698621 prime?
True
Is 6526123 prime?
True
Is 6040759 a prime number?
True
Is 2147567 composite?
True
Is 632059 prime?
False
Is 26910055 a composite number?
True
Is 14956367 a composite number?
False
Is 454449997 a prime number?
True
Is 154144201 composite?
False
Is 15672149 composite?
True
Is 42070207 composite?
False
Is 28944551 prime?
True
Is 9296351 a composite number?
False
Is 1716163 prime?
True
Is 17263321 prime?
True
Is 7229569 composite?
False
Is 7905021 a composite number?
True
Is 1565617 a prime number?
False
Is 384470237 a composite number?
False
Is 8506907 a composite number?
False
Is 4012133 a prime number?
True
Is 4193633 prime?
True
Is 315589 composite?
False
Is 50145551 a composite number?
False
Is 17964241 composite?
True
Is 302774251 a prime number?
False
Is 5629109 a composite number?
False
Is 854083 a composite number?
False
Is 905599 composite?
False
Is 2859019 a composite number?
False
Is 80897183 a prime number?
True
Is 6235909 prime?
True
Is 2942141 prime?
True
Is 1774301 composite?
False
Is 12516923 composite?
True
Is 46933519 a composite number?
True
Is 129379 a prime number?
True
Is 81696977 prime?
True
Is 39766613 composite?
False
Is 1017291115 composite?
True
Is 1374151 prime?
False
Is 1707551 composite?
False
Is 3047227 a prime number?
False
Is 3226129 a composite number?
False
Is 962287 a composite number?
True
Is 381090679 a composite number?
True
Is 550651 a composite number?
False
Is 9182993 a c